0 = 4*d - 2*d - 528. Suppose d = 4*i - b, 3*i - f*i = -5*b + 45. What are the prime factors of i?
5, 13
Suppose 3*j - 246 = -3*m, 2*m + 23 = 4*j - 335. Suppose -i - 25 = -3*y, 3*y - 6*i = -4*i + 29. Let d = j + y. What are the prime factors of d?
2, 47
Let f(g) = 385*g**3 - g. Suppose -2*b - 8 = -10*b. List the prime factors of f(b).
2, 3
Let v(c) = -243*c**2 + 2. Let d be v(-1). Let r = -144 - d. Suppose y + 0*x = 3*x + r, -3*x = -4*y + 388. List the prime factors of y.
97
Let h(m) = -m**2 + 14*m - 17. Let w be h(13). Let y(l) = -12 - 33*l**2 - 32*l**2 + 112*l**2 - 5*l - 41*l**2. List the prime factors of y(w).
2, 13
What are the prime factors of (-252073)/(-5) - -4 - (-36)/90?
127, 397
Suppose -31 = -2*n - 5. Suppose 12*z = n*z - 83. Suppose 2*x - 123 = -2*j + z, 0 = -5*x + 4*j + 497. What are the prime factors of x?
101
Let k(u) = -11*u + 34. Suppose 7 = -2*t - 1. Let q be t/(-4) + (3 - 0) - 11. What are the prime factors of k(q)?
3, 37
Let l(m) = -m**2 + 5*m - 3. Let v(n) = -n**2 + 10*n - 21. Let p be v(6). Let h be l(p). What are the prime factors of (96/(-15))/(-2*h/15)?
2
Let r = 134 - 95. Suppose -15*l + 2*l + r = 0. Suppose 0 = l*z - 16 - 65. What are the prime factors of z?
3
Let x(j) = -j**3 - 4*j**2 - 7*j - 3. Suppose -3*s + 8 - 2 = 0. Suppose s*d - 4*f + 21 = -3, -9 = -d - 5*f. What are the prime factors of x(d)?
3, 37
Suppose -2*i + 2250 = 2*r, 2*r = -3*i - i + 4502. Suppose -819 = -5*v + i. What are the prime factors of v?
389
Let g = -54596 + 128180. What are the prime factors of g?
2, 3, 7, 73
Suppose -184405 = 104*i - 117*i. What are the prime factors of i?
5, 2837
Suppose 2487 = 8*q - 5057. List the prime factors of q.
23, 41
Suppose 9*h - 11*h - 10 = 0. Let n(j) = -11*j + 4. What are the prime factors of n(h)?
59
Suppose 0 = -2*b + 10, 5*b - 25 = 3*f + 2*f. Let q be 2/(-3 + -1)*0. Suppose f*x - x - 2*p + 8 = q, 3*x = 2*p + 16. What are the prime factors of x?
2, 3
Suppose -5*y - 31 = -3*z, 2*y - z = -8 - 4. Let p(l) = 20*l + 13. Let h(s) = -39*s - 26. Let k(u) = -2*h(u) - 5*p(u). What are the prime factors of k(y)?
97
Suppose -11*u + 33940 = 2*p - 14*u, 50908 = 3*p - 4*u. What are the prime factors of p?
2, 4241
Let n(o) = -1212*o - 643. What are the prime factors of n(-2)?
13, 137
List the prime factors of -6 - (2814 - -8)*-1.
2, 11
Suppose 0 = -y - 5*n - 17, 4*y + 2*n + 2 - 6 = 0. List the prime factors of (46260/(-54))/((-2)/y).
5, 257
Let p(y) be the second derivative of -y**4/12 + 33*y**2/2 - 27*y. Let d be p(-5). Let i(l) = 6*l. List the prime factors of i(d).
2, 3
Let p = 535 - 522. Let f = -75 + 140. Suppose f = 2*k - p. List the prime factors of k.
3, 13
Let t(c) = 142*c**2 + 619*c - 7. List the prime factors of t(-18).
11, 3169
Let v(q) = 4438*q**3 - 3*q + 1. What are the prime factors of v(1)?
2, 1109
Suppose -11*t - 92433 = -240724. What are the prime factors of t?
13, 17, 61
Suppose 3*v = -s + 51 + 22, -4*s - 2*v = -312. Suppose -s*w = -76*w + 24. List the prime factors of -9*-2*9 - (w + 5).
3, 5, 11
Suppose -2*u - 29 = -45. Let j be (-4)/u + (1/(-2) - -4). Suppose -3*b + 3*z = -291, -3*b = 2*b - j*z - 491. What are the prime factors of b?
2, 5
Let b be 21/28 + 0 - (-98)/8. Suppose 3263 = 7*i - b. List the prime factors of i.
2, 3, 13
Let b(a) = 2*a**2 - 34*a + 127. Let u be b(6). Let y(j) = 3 + 9*j**2 + 8*j + j**3 - 7*j**2 + 8*j**2 + 0*j**2. List the prime factors of y(u).
2, 11
Let z be 960/24 - (-2 - 0). Let h = 32 - z. What are the prime factors of 1460/26 + h/65?
2, 7
Let k = -5936 + 9950. List the prime factors of k.
2, 3, 223
Suppose 695466 = 34*d - 273364. List the prime factors of d.
5, 41, 139
Let j = -2767 - -7114. What are the prime factors of j?
3, 7, 23
Let h = -453 - -458. Suppose -3*v + 3720 = f, h*v - 2*v - 4*f - 3720 = 0. What are the prime factors of v?
2, 5, 31
Let n(s) = 20*s**3 - 3*s**2. Let i be n(2). Suppose 0 = 16*x - 124 - 1428. Let g = i - x. What are the prime factors of g?
3, 17
Let u = 19261 + -14584. List the prime factors of u.
3, 1559
Let q = 5509 - -6067. What are the prime factors of q?
2, 1447
Let s(f) = -f**2 + 5*f - 2. Let o be s(3). Suppose 2*y = -o, 0*z + 4*z + 2 = -5*y. Suppose -z*n + 7*n - 347 = -a, n + 2*a = 64. List the prime factors of n.
2, 5, 7
Suppose -32*t = 31380 - 778356. What are the prime factors of t?
3, 31, 251
Let k(z) be the second derivative of 67*z**3/6 - 36*z**2 + 73*z + 1. What are the prime factors of k(10)?
2, 13, 23
Let d(u) = -u + 16. Let f be d(17). Let w be (13 - 16)*(f - -3). Let o(z) = z**3 + 11*z**2 + 11*z + 15. What are the prime factors of o(w)?
3, 43
Let b(z) = 4127*z + 628. What are the prime factors of b(6)?
2, 5, 2539
Let n(v) = v**2 + 7*v - 16. Let f be n(-9). Let d be f*(-1)/(-4)*10. Suppose 4 = r - p, -r = -d*r + 3*p + 16. List the prime factors of r.
2
Suppose 0 = -z + 150 + 167. Suppose 0 = 3*f - i - 1069, -2*f + 2*i = -1035 + z. List the prime factors of f.
5, 71
Suppose 5*z - 4*d - 309 = 0, -16*z + 4*d = -19*z + 179. Suppose 5*a + 119 = 744. Let h = a - z. List the prime factors of h.
2
Let o be (-1)/(-1) - (3 + -6 + -279). What are the prime factors of 2*(o + (-1)/1)?
2, 3, 47
Suppose -a + 5*i = -278, 4*a + 0*i = 3*i + 1078. Suppose -4*z + 2*g + 734 = 0, 650 + a = 5*z - 3*g. What are the prime factors of z?
3, 61
Let d = 13 + 1. Let w be 12848/38 + d/(-133). Suppose 3*g = 4*m + w, g - m = -5*m + 134. What are the prime factors of g?
2, 59
Let m(j) = 122*j + 23. Suppose -20*t = -i - 21*t + 2, 0 = -5*t. What are the prime factors of m(i)?
3, 89
Let d = -363 - -715. Suppose -t - 2*z = -5*t + d, -4*z - 182 = -2*t. What are the prime factors of t?
3, 29
Let c = 214 + -210. Suppose -f = -s + c*s - 199, -2*s - 179 = -f. List the prime factors of f.
11, 17
Let q(f) = -2*f - 4. Let d be q(5). Let c = -17 - d. What are the prime factors of 3 + 1914/18 - 2/c?
2, 5, 11
Let h(v) = -11*v**3 + 28*v**3 + 87 - 14*v - 9*v**2 - 15*v**3 + v**3. List the prime factors of h(7).
577
Let m be ((-5)/(-25) - 1)*-20. Suppose -17380 = -6*g - m*g. List the prime factors of g.
2, 5, 79
Let v = -995 + 1664. Let q = 181 + v. What are the prime factors of q?
2, 5, 17
Let l(k) = k**3 + 48*k**2 + 18*k - 654. List the prime factors of l(-38).
2, 6551
Let g = -3409 - -14057. List the prime factors of g.
2, 11
Suppose -4 = -2*t - 4*z, -5*t + 4 = -6*t + 4*z. Let y be (75/(-10) + t)*-2. What are the prime factors of (298/(-4))/(y/(-30))?
149
Let p = 79446 + -52892. List the prime factors of p.
2, 11, 17, 71
Suppose -5 + 1 = -2*t. Suppose -t*j - 24 = -92. Suppose -j = -f + 5. List the prime factors of f.
3, 13
Suppose m - 5*q - 9 + 32 = 0, q = 2*m + 1. What are the prime factors of (m*366/48)/((-3)/(-12))?
61
Suppose 0*s + 496155 = 19*s - 8*s. List the prime factors of s.
3, 5, 31, 97
Let g(l) = -63 + 2*l**2 - l**3 + 88 + 4*l**2 + l. List the prime factors of g(-5).
5, 59
Let d(i) = 2*i**2 - 2*i - 11. Let u be d(-9). Let c = u + 45. List the prime factors of c.
2, 107
Let b(j) be the third derivative of 2*j**4 + 22*j**3/3 - 5*j**2 + 13*j. What are the prime factors of b(24)?
2, 13, 23
Let k(y) = -5*y + 26. Suppose -5*d = 5*n - d + 31, 5*n + d = -19. List the prime factors of k(n).
41
Let j(q) = 19*q**2 - 102*q + 288. List the prime factors of j(22).
2, 5, 181
Let w(i) = -76 - 41*i + 77 + 68*i. What are the prime factors of w(15)?
2, 7, 29
Let d(s) = -s**3 - s**2 + 8*s. Let a be d(-8). Suppose 4*z = -2*p + 384, -12*p - a = -4*z - 15*p. What are the prime factors of z?
2, 3
Suppose -7*c = -4*g - 10*c + 26585, -5*c + 15 = 0. What are the prime factors of g?
2, 11, 151
Suppose -3*y = -5*m + 16503 + 17214, -2*m + 13485 = -3*y. Suppose 5*u - 8424 = -a, -4*u + m = -0*u + 2*a. What are the prime factors of u?
2, 421
Let a = 38 + -32. Suppose 2*f + 3*v = -9, -2*v + 0*v = -5*f + a. Suppose -3*b - 3*z + 163 + 266 = f, 569 = 4*b + 3*z. List the prime factors of b.
2, 5, 7
Suppose -98 - 12 = 2*g. Let o = -63 - g. List the prime factors of (509/2 - 0) + 4/o.
2, 127
Suppose -33*g = -1226893 - 645164. What are the prime factors of g?
17, 47, 71
Suppose 181 - 1 = 3*l + 4*m, 0 = -4*m. Suppose 39 = z - l. What are the prime factors of z?
3, 11
Let b = 160 + -160. Let x = 20 + b. What are the prime factors of x?
2, 5
Let x be ((-14)/(-35))/((-4)/20). Let w(c) = 106*c**2 - 17*c - 30. 